 by k?
21
Let i(w) = w. Let r be i(-3). Suppose 5*a = a + 208. What is the remainder when a is divided by (-4)/6 + (-56)/r?
16
Let m(h) = -h**3 + 9*h**2 - 7*h - 7. Let n = 19 + -13. Calculate the remainder when m(n) is divided by 12.
11
Let b be 500/14 - 8/(-28). Suppose 3*m + 17 - 125 = -x, -m - 3*x + b = 0. Calculate the remainder when m is divided by 13.
10
Let g = 19 - 16. Suppose -6*z = -2*z - 4*y - 60, 2*z + g*y - 25 = 0. What is the remainder when 40 is divided by z?
12
Let d(f) = f**3 + 3*f**2 - 7*f - 10. What is the remainder when d(-4) is divided by 2?
0
Let v be (-30)/(-45) - (-14)/6. Suppose v*w - 68 - 43 = 0. Calculate the remainder when w is divided by 10.
7
Suppose -a + 30 = 2*a. Let m be (4 - 3)/(2/a). Suppose -m*d + 7 = -43. What is the remainder when d is divided by 6?
4
Let b = 13 - 6. Let y(a) = a - 16. What is the remainder when b is divided by y(19)?
1
Suppose -24 = -27*q + 25*q. What is the remainder when 58 is divided by q?
10
Let n = -2 - -3. What is the remainder when n is divided by (-8 + 7)/(1/(-1))?
0
Let a = -15 + 18. What is the remainder when 7 is divided by a?
1
Suppose 0*v = 5*v - 85. Let x = 0 + 3. Suppose 2*k = -q + 3*k + 32, -x*k = -5*q + 160. What is the remainder when q is divided by v?
15
Suppose -3*r = -3*c + 15, c + 5*r + 22 = 5*c. Suppose 3*w - 24 = -3*o, -w = c*w + o - 35. Calculate the remainder when w is divided by 4.
1
Suppose 3*a - 28 = 2*a. What is the remainder when a is divided by 6?
4
Suppose -584 = 6*t - 10*t. Calculate the remainder when t is divided by 38.
32
Let l(q) = q**2 + 2*q - 1. Calculate the remainder when 13 is divided by l(-4).
6
Let p = 21 + -12. Let z be 21/3 - 1 - 2. What is the remainder when p is divided by (-1)/z - (-25)/4?
3
Let u(a) = a**3 + 24*a**2 + 16*a + 30. Calculate the remainder when u(-23) is divided by 32.
31
Suppose 0 = -3*j - 2*f + 3 + 35, 31 = j - 3*f. Calculate the remainder when 57 is divided by j.
9
Let j = 62 + -17. Suppose 5*u - j = -0*u. What is the remainder when 22 is divided by (18/(-7))/(u/(-42))?
10
Let i(l) = -8*l**2 + 7*l + l**3 + 3 - 1 - 22*l. What is the remainder when i(10) is divided by 18?
16
Suppose -4*n + 0*l = 4*l + 28, -4*l = n + 22. Let f(x) = -3*x - 2. Let w be f(n). Suppose -w*v + 52 = -24. Calculate the remainder when v is divided by 10.
9
Let z = -56 - -69. Calculate the remainder when 25 is divided by z.
12
Calculate the remainder when 250/4 + (-15)/10 is divided by 21.
19
Suppose 3*i = 3*l - 3, 0 = 5*l - 3*i - 1 - 6. Suppose l*f - 43 = -15. What is the remainder when 26 is divided by f?
12
Suppose 20*t - 11*t - 81 = 0. Let c(u) = -8*u - 3 - 3*u**3 + 7*u**2 + 3*u + 2*u**3. Calculate the remainder when t is divided by c(6).
0
Let l = -68 + 42. What is the remainder when l*(-3)/((-6)/(-2)) is divided by 14?
12
Suppose 0 = 6*w + 3 - 15. What is the remainder when 7 is divided by w?
1
Let t(n) = 1 - 2*n - 3 + 2. Calculate the remainder when 32 is divided by t(-6).
8
Let k(q) = q**2 + 15*q + 28. Calculate the remainder when 26 is divided by k(-14).
12
Let q(y) = y**3 + 5*y**2 - 9*y - 5. Calculate the remainder when 1/(-2) + 49/2 is divided by q(-6).
11
Suppose 2*f - 72 = -2*f. What is the remainder when 53 is divided by f?
17
Let t = 57 + -52. What is the remainder when t is divided by 2?
1
Let f(q) = -q + 7*q**2 + 12 - 21 - q + q**3. Let y be f(-7). Suppose -2*m - 1 = y*c, -4*c - m = 4*m + 11. Calculate the remainder when 2 is divided by c.
0
Suppose -3*a = 4*u - 89, -7*a = -3*a + 2*u - 132. Calculate the remainder when a is divided by 21.
14
Suppose 2*h + 3*n = -15, -2*h - 2*n - 18 + 0 = 0. What is the remainder when 23 is divided by (h - -16)/((-1)/(-3))?
11
Suppose 5*o + 4 = -4*m + 18, 2*m - 18 = 3*o. Suppose -61 = -3*p + 5*g, 1 = -0*g + g. Calculate the remainder when p is divided by m.
4
Let h be 7/2*(-28)/(-49). Suppose 4*p - 72 = -4*q, 2*p - 6*p = h*q - 44. What is the remainder when q is divided by 4?
2
Suppose -2 = n - 3*n. Let g be ((-1)/1)/(n/(-5)). Suppose -r = -a - 5, -a + 33 = g*r + 2*a. What is the remainder when 10 is divided by r?
4
Let j(l) = -77*l**3 - 2*l**2 + l + 2. Calculate the remainder when j(-1) is divided by -1 + 1 + 25 + 1.
24
Let j(l) = -l**3 + 8*l**2 - 8*l + 6. Let h be j(5). Let q = -20 + h. What is the remainder when 62 is divided by q?
20
Let b(y) = 14*y**2 + 4*y + 2. Let d(o) = 2*o**2 + 4*o + 1. What is the remainder when b(-2) is divided by d(-4)?
16
Calculate the remainder when 14/(-84) + (-241)/(-6) is divided by 15.
10
Let k = 135 - 191. Let c = -20 - k. What is the remainder when c is divided by 13?
10
Suppose -s - 5 = -7. Suppose s*c = 4*c - 24. Calculate the remainder when c is divided by 5.
2
Let k = -5 - -17. Calculate the remainder when 47 is divided by k.
11
Suppose 0 = 2*y + 4*c, -2*y - 15 = 3*y - 5*c. Let a be (y/(-4) - 1)*-6. Suppose -a*z = -8*z + 5. What is the remainder when 2 is divided by z?
0
Let n(q) = -q**3 - 5*q**2 - 2*q + 3. What is the remainder when n(-5) is divided by 8?
5
Suppose 0 = -0*p + 3*p. Let z(a) = p*a - 2*a + a - 1 + 9. Calculate the remainder when 41 is divided by z(-6).
13
Suppose 4*l - 18 = -2*y, -2*l - 2*y - 3 = 3*y. What is the remainder when 13 is divided by l?
1
Calculate the remainder when 3 is divided by 3 + (3 - 1)/(-2).
1
Suppose -14 - 22 = -i + 2*g, -3*g + 188 = 4*i. What is the remainder when 125 is divided by i?
37
Let b(n) = 2*n + 20. Let w be b(-12). Calculate the remainder when 28 is divided by ((-6)/w)/((-36)/(-240)).
8
Suppose 2*d - d = -2. Let y(w) = -3*w**3 - 2*w**2 + 1. Calculate the remainder when y(d) is divided by 9.
8
Let c = 5 - 2. Suppose -2*v = -5*t - 32, -10 = -3*v - c*t - 4. What is the remainder when 16 is divided by v?
4
Let s(j) = -j - 3. Let v be s(-3). Suppose 5*c - 172 + 57 = v. Suppose -5*l - 3 + c = 0. Calculate the remainder when 11 is divided by l.
3
Let m(w) = -w**3 - 6*w**2 - 6*w - 1. Suppose 80 = 2*p + 2*p. Let i be (-1 - -3)*p/(-8). Calculate the remainder when 11 is divided by m(i).
3
Let r = 10 - 5. Suppose r + 6 = s. Suppose h - 6 = 3*u, s = 4*h - 0*u + u. Calculate the remainder when 5 is divided by h.
2
Let d = -40 + 46. Calculate the remainder when 76 is divided by d.
4
Let p be (-7)/21 - 28/(-3). Let r = 9 + p. What is the remainder when (-1*2)/((-4)/106) is divided by r?
17
Let m(d) = d**3 + 7*d**2 + 2*d - 1. What is the remainder when m(-6) is divided by (1 - (-2)/6) + 138/18?
5
Let q = 8 + 0. What is the remainder when 23 is divided by q?
7
Let c = 8 + -4. Let m(p) = c*p**2 - p + p**3 + 2*p - 5*p - 2. What is the remainder when 26 is divided by m(-4)?
12
Calculate the remainder when 3/18*-3*-106 is divided by 14.
11
Suppose q = -2 - 4. Calculate the remainder when 11 is divided by q/6*(1 - 8).
4
Suppose -3*o = -0*o - 42. What is the remainder when 41 is divided by o?
13
Let t(z) = -z**3 + 8*z**2 + 9. Suppose -b - 1 + 6 = 3*d, 4*d + 33 = b. What is the remainder when b is divided by t(8)?
8
Suppose -7*j + 3*j = 3720. What is the remainder when (j/75)/((-4)/10) is divided by 17?
14
What is the remainder when 9 is divided by (1 + 2)/(5/10)?
3
Let s(p) = -2*p**2 + 5*p - 20. Let n(c) = -3*c**2 + 8*c - 30. Let g(i) = 5*n(i) - 8*s(i). What is the remainder when 38 is divided by g(0)?
8
Let x be 34/(-10) - 4/(-10). Let d be x/9*0 - -4. Suppose -d*b = y - 43, b + 5 = -0*b + 5*y. Calculate the remainder when b is divided by 6.
4
Let u(o) = o**2 + 1. Suppose 2*z = z + 2. Calculate the remainder when u(2) is divided by z.
1
Suppose -w = 4*m - 555, 0*m - m - 2*w = -144. What is the remainder when 26 is divided by m/10 - 2/(-10)?
12
Suppose 3*t + 1 = 7. What is the remainder when (10/5)/(t/18) is divided by 4?
2
Let g = 28 + -4. Calculate the remainder when g is divided by 9.
6
Let p(q) = 11*q**2 + 1. Suppose -2*v - 2*y = -3*y - 91, 97 = 2*v + 5*y. Calculate the remainder when v is divided by p(1).
10
Suppose -u + 20 = 4*g - 4, 2*g + 2 = 3*u. Suppose g*o = 61 + 44. Calculate the remainder when o is divided by 11.
10
Let b(h) = -3*h**3 - 5*h**2 - 5*h + 3. Calculate the remainder when b(-3) is divided by 19.
16
Let a(r) = -r**3 + 8*r**2 + 3*r + 1. Let s(k) = 3*k**3 - 15*k**2 - 7*k - 2. Let d(j) = -5*a(j) - 2*s(j). Calculate the remainder when 15 is divided by d(-10).
6
Suppose 5*i - 64 = i. Calculate the remainder when 28 is